420/(-8). What is the greatest common divisor of w and 13?
13
Let l = -3 - -6. Suppose -13 = -4*k + l. Suppose -2*b + 1 = -i - 2*i, -4*i + 14 = 5*b. What is the greatest common factor of i and k?
1
Let b(y) = 2*y**3 + 9*y**2 + 2*y - 4. Let i be b(-4). Let t = 3 + 1. Suppose t*r - 110 - 18 = 0. Calculate the greatest common divisor of i and r.
4
Let o be ((-21)/6)/(1/8). Let d be (-2 + -4 + 3)*o. Calculate the greatest common factor of d and 28.
28
Suppose 0 = 3*y - 3*t - 93, 0 = -t - 3 - 0. Let q be 1410/(-60) - 2/4. Let i = y + q. What is the greatest common factor of 4 and i?
4
Let u(y) = 8*y + 79. Let i be u(-9). Calculate the greatest common divisor of 56 and i.
7
Suppose 46*x - 9072 = 18*x. Calculate the highest common divisor of 81 and x.
81
Let d(y) = 223*y**2 - 13*y + 25. Let c be d(2). Calculate the greatest common divisor of c and 33.
33
Suppose -78 = -3*k + 42. Calculate the highest common factor of k and 45.
5
Let w = 2 - 1. Suppose -4 = -q - 1. Suppose -4*b + 13 = -q. Calculate the greatest common factor of w and b.
1
Let r(j) = -23*j**2 + 7*j + 2. Let n(h) = -h**2 - h. Let x(b) = -4*n(b) - r(b). Let z be x(-2). What is the greatest common divisor of 32 and z?
16
Suppose -3*m - 5*l + 0*l = -3360, -l = m - 1120. What is the highest common factor of 35 and m?
35
Suppose 5*c - 650 = -0*c. Suppose -5*n + c + 465 = 0. What is the highest common divisor of 7 and n?
7
Let i(o) be the second derivative of -19*o**3/3 - 5*o**2/2 + 7*o. Let v be i(3). Let b be (4 + -2)*v/(-14). What is the greatest common divisor of 34 and b?
17
Let q be (-6)/6 + (-3)/(-1). Let s be ((-15)/q)/(27/(-72)). What is the greatest common divisor of s and 80?
20
Let q = 4 - -20. Let i = q - 4. Calculate the highest common factor of 20 and i.
20
Let g(t) = 2*t**2 - 119*t - 44. Let r be g(62). Calculate the greatest common divisor of 190 and r.
38
Let n = 1 - -4. Suppose p - 8 + n = 0. Let a = p + 6. Calculate the greatest common divisor of 99 and a.
9
Suppose -o - 1 = 5*r - 45, -5*r - 76 = -4*o. What is the greatest common divisor of 552 and o?
24
Let x = 7 - 7. Suppose -3*b - 5*p = -715, 2*b - 2*p - 3*p - 510 = x. Calculate the greatest common divisor of 35 and b.
35
Suppose l - 30 = 3*l. Let j = l + 41. Suppose 5*h = -3*r + 50 + j, -4*r + 88 = 4*h. What is the highest common divisor of r and 34?
17
Let m be 101 - 47/(-47)*(-12)/2. What is the highest common factor of m and 35?
5
Let d = 13 + -9. Suppose 425 = d*p - 215. Suppose r + 1 = a + 17, 2*a + 52 = 3*r. What is the greatest common factor of r and p?
20
Suppose 9 = -17*w + 18*w. Suppose -4*h = -h, -s = -4*h - 6. What is the highest common divisor of s and w?
3
Let w be (3/(-2))/((-31)/3565)*12. What is the greatest common factor of 18 and w?
18
Let b(i) be the first derivative of -i**3 + 15*i**2/2 + 2*i + 29. Let c be b(5). Calculate the highest common factor of 18 and c.
2
Let b = 163 + -91. What is the greatest common divisor of b and 24?
24
Let w be -1 - 2*(-1 - 5). Suppose -4*a = -2*l - 26, 3*a - 4*a - 3*l - w = 0. Let t be a/(-12)*-3*3. Calculate the greatest common factor of 33 and t.
3
Suppose -4 = -2*o + 4. Let w be 87/o + (-1)/(-4). Suppose 3*b = 53 + w. What is the highest common factor of b and 10?
5
Let a be (4 + 0)*(-3)/(-2). Suppose -3*t = a*t - 18. What is the highest common divisor of 2 and t?
2
Let c(r) = -2*r**3 - 20*r**2 + 9*r + 9. Let g be c(-12). Calculate the highest common factor of 53 and g.
53
Let z be 0 + 4 + (-450)/(-3). What is the highest common factor of z and 22?
22
Let z(c) = -c**3 - 4*c**2 - 2*c + 9. Let k be z(-3). Calculate the highest common divisor of k and 78.
6
Suppose 0 = o - 6*o - 5. Let d be (o - (-417)/(-6))*16/(-6). Calculate the greatest common factor of 47 and d.
47
Let h(r) = -6*r**2 + 15*r + 17. Let a be h(5). Let b = 47 + 79. Let f = a + b. What is the greatest common divisor of f and 17?
17
Suppose 29*w = 14*w + 450. Let a(z) = -z + 1. Let u be a(2). Let f = 11 + u. What is the highest common factor of f and w?
10
Suppose -5*z = -5 - 5. Suppose -z*u = l - 30, 2*l - 75 = -0*u - u. What is the highest common factor of l and 100?
20
Suppose 4*r + 2*q = -36, -4*r - 4*q = 4 + 36. Let m = r - -8. Suppose -7*t + 2*t + 495 = m. What is the highest common divisor of t and 11?
11
Let g be (3 - -72) + 5 + -3. Calculate the greatest common divisor of 22 and g.
11
Let t = -69 - -94. Suppose -k + 115 = -2*s, s + 2*s + 235 = 2*k. Calculate the highest common factor of t and k.
25
Let c be 21/42 - 55/(-2). Suppose -s + 3*s - 51 = 3*g, s + g = c. Calculate the greatest common divisor of s and 243.
27
Let f be 8/36*-78*-6. Suppose 5 + 43 = 6*q. What is the highest common divisor of q and f?
8
Let s be ((-56)/(-6))/((-10)/(-15)). Suppose 6 + s = 2*p. Let m = 13 + 7. What is the highest common divisor of p and m?
10
Suppose 58*v = 63*v - 170. Calculate the greatest common factor of v and 34.
34
Let b be (44/(-8) + 4)*-2. Suppose -5*n - 5*m + 45 = 0, -3*n + 2*m + 4 = -13. Let j = n + -1. What is the highest common divisor of b and j?
3
Let h(a) = -4*a - 22. Let g be h(-6). Let o be (-3 + 1)/(8/44). Let n be 53/11 - 2/o. What is the highest common divisor of n and g?
1
Let s be 4/(-2) + (1 - 1). Let z be (-1)/((-42)/20 - s). Suppose -2*f + 4*i = 0, 11*i - 65 = -5*f + 8*i. What is the highest common factor of z and f?
10
Suppose 0 = -6*d + 509 + 427. What is the highest common factor of 36 and d?
12
Let c(w) = 2*w**2 + w - 18. Let h be c(0). Let j be (-38)/171 + ((-404)/h)/2. Calculate the highest common factor of j and 33.
11
Let t be (5478/(-33))/(2/(2 + -4)). What is the greatest common factor of t and 249?
83
Let n be (-2)/(-15) - 10076/(-30). What is the highest common divisor of n and 448?
112
Suppose -4*s + 6*t + 244 = 2*t, 0 = 3*s + 5*t - 223. Let y = s + -63. Calculate the highest common factor of y and 15.
3
Let n = 48 - 45. Suppose 0 = -i + 4*a + 43 + 111, -n*i = 2*a - 490. What is the highest common divisor of 18 and i?
18
Let x(a) = a**3 + 9*a**2 - 10*a + 2. Let s be x(-10). Suppose -4*d + s = -58. Calculate the highest common factor of 75 and d.
15
Suppose -17*i + 36 = -32. Let r be 214 - (i + (-3 - -4)). What is the highest common factor of 19 and r?
19
Let y(s) = s**3 + 9*s**2 - 9*s - 5. Let a be y(-9). Suppose a = n + n. Let j = 58 - n. What is the greatest common divisor of 50 and j?
10
Let s(f) = -17*f - 89. Let r be s(-7). Calculate the greatest common divisor of 354 and r.
6
Suppose 2*u - n - 274 = 0, 0 = u + 5*n + 37 - 163. Calculate the highest common divisor of u and 8.
8
Suppose -r + 3*y - 1 = 0, 4*r - r + 15 = 3*y. Let z = r + 11. Suppose 18 = 2*c + z. Calculate the greatest common divisor of 49 and c.
7
Let x(s) = -s**2 - 3*s + 16. Let p be x(-4). Calculate the highest common factor of p and 52.
4
Let h(s) = s + 6. Let u be h(8). Suppose u = t - 16. Suppose 0 = 11*j - 6*j - 375. Calculate the highest common divisor of t and j.
15
Let x = 4 + 1. Suppose 4*o + x = 17. Suppose w - 2 + o = 2*b, 2*b - 21 = -3*w. Calculate the highest common divisor of 24 and b.
3
Let b be 2/(-3) - 68/(-12). Suppose 0 = 5*v, -p - 4*p + 170 = -b*v. Let l = 48 + 54. What is the greatest common divisor of p and l?
34
Suppose 246 = b + 158. Calculate the highest common factor of 22 and b.
22
Suppose t + o - 63 = -26, -2*t - 3*o + 78 = 0. Calculate the greatest common divisor of 561 and t.
33
Let m = -11 + 34. Suppose h - 27 = -m. Calculate the highest common divisor of h and 4.
4
Suppose -3*u - 4*l = -5, 3*u - 5*l = -0*u + 14. Suppose 0 = u*b - 0*b. Suppose b*w = -3*w + 63. What is the highest common divisor of 3 and w?
3
Let w(f) = 6*f**2 + f. Let g be w(-1). Let q(d) = -d**2 - 9*d - 5. Let i be q(4). Let z = 102 + i. Calculate the greatest common factor of g and z.
5
Suppose -23*x = -17*x - 72. What is the greatest common factor of 12 and x?
12
Suppose 2*i - z - 57 = i, 5*z = i - 69. Suppose -4*o + 288 = -5*f, 3*o - i = -5*f + 162. Calculate the greatest common divisor of 8 and o.
8
Let y = -42 + 298. What is the highest common divisor of y and 4?
4
Suppose 5*r - 6*r + 4 = 0. Let c be r/6 - (-561)/9. Calculate the greatest common divisor of c and 7.
7
Let o be 114/76*(-7790)/(-15). Calculate the highest common factor of 57 and o.
19
Let f(g) = 46*g - 320. Let j be f(7). Calcu